ase 11, what is 4 - -75710?
75714
In base 7, what is -4654 + -26?
-5013
In base 8, what is -47 + -10312?
-10361
In base 7, what is -6 + -154511?
-154520
In base 15, what is 9c2 - -928?
13ea
In base 3, what is -21112100 - 21?
-21112121
In base 14, what is 23 - 13cb?
-13a8
In base 5, what is 4 + -202314243?
-202314234
In base 8, what is 7342 + -11?
7331
In base 2, what is 1100110101110101 - -101?
1100110101111010
In base 12, what is 21b - -101b?
123a
In base 13, what is 4 + -20076?
-20072
In base 13, what is 17a500 + -11?
17a4bc
In base 9, what is -11 - -147285?
147274
In base 9, what is 106 + -23063?
-22856
In base 4, what is 2011201201 + 10?
2011201211
In base 2, what is 100 - 10001110011000001110?
-10001110011000001010
In base 11, what is -21a79 + 3?
-21a76
In base 6, what is -341 - 12551?
-13332
In base 15, what is 2bad - 1?
2bac
In base 15, what is -3 + -318b7?
-318ba
In base 3, what is 210001112 - -22002?
210100121
In base 13, what is -1 + -112100?
-112101
In base 13, what is abc1 - -97?
ac88
In base 16, what is 2 - -28d6?
28d8
In base 12, what is 3 - b270?
-b269
In base 5, what is 44144401 - -10?
44144411
In base 12, what is -9 + 18797?
1878a
In base 10, what is -116125 + -4?
-116129
In base 6, what is -523 + 3351?
2424
In base 8, what is -30 + -6564?
-6614
In base 11, what is 619089 - 4?
619085
In base 10, what is 601129 + 5?
601134
In base 16, what is 2 - -7b9c?
7b9e
In base 4, what is 101333 - 123?
101210
In base 9, what is 733 - -523?
1356
In base 14, what is -87 - -3ac1?
3a38
In base 14, what is 444c + -2?
444a
In base 4, what is -1000010100 + -10?
-1000010110
In base 11, what is 67 - 15a?
-a3
In base 14, what is -3 + -1d4591?
-1d4594
In base 14, what is -5 - 19a1c?
-19a23
In base 8, what is 2 + -4210?
-4206
In base 8, what is 57001 - 5?
56774
In base 6, what is -5 - -52533?
52524
In base 9, what is -1324 - 6?
-1331
In base 5, what is 1403 + 202401?
204304
In base 13, what is 30 - -822?
852
In base 14, what is -163d + -126?
-1765
In base 8, what is -243 - 1255?
-1520
In base 5, what is 11222 - -232?
12004
In base 14, what is -4 - -3d25?
3d21
In base 12, what is 2201 + 9b?
22a0
In base 12, what is 772 + 21?
793
In base 6, what is -315430 - 20?
-315450
In base 12, what is 1 - 45766?
-45765
In base 4, what is 1 + -11202213?
-11202212
In base 11, what is 23 + 917?
93a
In base 8, what is -3 - 16356?
-16361
In base 13, what is 3 + 5226?
5229
In base 8, what is -46 - 1305?
-1353
In base 15, what is -22 - 2e3?
-315
In base 16, what is a - 79cd4?
-79cca
In base 3, what is 112002 + 2001?
121010
In base 11, what is 8 + -14371?
-14364
In base 13, what is 825 - -1?
826
In base 12, what is -5 + -46a66?
-46a6b
In base 16, what is 133a - -5?
133f
In base 14, what is -b33dc4 - 1?
-b33dc5
In base 5, what is 112302 - 22?
112230
In base 9, what is 88 - 151?
-52
In base 12, what is -419a40 + 2?
-419a3a
In base 3, what is 1 - 110112221210?
-110112221202
In base 9, what is 4 - -1507?
1512
In base 14, what is 2b - -338?
365
In base 6, what is 31 - -22302?
22333
In base 11, what is 5a678 - 2?
5a676
In base 4, what is 312211 - 110210?
202001
In base 15, what is 132e - -e?
133d
In base 7, what is 2005 - 1?
2004
In base 6, what is 2 + 2024355?
2024401
In base 7, what is 24 + 555?
612
In base 6, what is -11 + -214054?
-214105
In base 10, what is -5 + -4040?
-4045
In base 7, what is -533623 + -16?
-533642
In base 4, what is -2001102 + -13?
-2001121
In base 2, what is 1000010 + -100101001?
-11100111
In base 10, what is -161589 + 27?
-161562
In base 9, what is 15310 - 1?
15308
In base 10, what is 4 - -294255?
294259
In base 6, what is -32 + 1222012?
1221540
In base 16, what is -11074 - -5?
-1106f
In base 4, what is -320 - 31311233?
-31312213
In base 8, what is -2232265 + -4?
-2232271
In base 2, what is 11 + -1000011110110101?
-1000011110110010
In base 8, what is 76640 - 266?
76352
In base 10, what is -3 - -1762?
1759
In base 3, what is -2121 - -21?
-2100
In base 16, what is -1068 + 31?
-1037
In base 16, what is -f2 + 83?
-6f
In base 14, what is -5 - 3159c?
-315a3
In base 3, what is 121100200 + 110?
121101010
In base 9, what is -121 - -25327?
25206
In base 11, what is 8620 - -6?
8626
In base 9, what is 0 - -8654?
8654
In base 3, what is 2110 - -101102?
110212
In base 4, what is -200 - -113001?
112201
In base 16, what is 0 - f57?
-f57
In base 4, what is 3320 - -110?
10030
In base 5, what is 10 + 132200141?
132200201
In base 2, what is -10111111110100100 + 1?
-10111111110100011
In base 2, what is 1111 + -1011010010100111?
-1011010010011000
In base 15, what is 7a - 1c8b?
-1c11
In base 7, what is -421 - 13144?
-13565
In base 13, what is c407 + 5?
c40c
In base 4, what is 1 + 30103001?
30103002
In base 3, what is -1102200100 + -12?
-1102200112
In base 16, what is 2 - -5efd?
5eff
In base 11, what is 33 + -253a?
-2507
In base 3, what is -210110121011 - 20?
-210110121101
In base 16, what is -8573 + -5?
-8578
In base 6, what is -14 + 1422444?
1422430
In base 14, what is -1629 - -4?
-1625
In base 6, what is 42 - -50320?
50402
In base 3, what is 200001100111 - 20?
200001100021
In base 13, what is -155c + -69?
-15c8
In base 11, what is -8 + -3806?
-3813
In base 14, what is 3 + -49a7?
-49a4
In base 9, what is -4030 + -3?
-4033
In base 3, what is -120000111 + -22?
-120000210
In base 13, what is -64776 - 2?
-64778
In base 5, what is -21112 - -11343?
-4214
In base 7, what is -4543 + -46?
-4622
In base 16, what is -5a3f - 21?
-5a60
In base 10, what is -3 + -57959?
-57962
In base 16, what is 584a - 3?
5847
In base 6, what is -202 - 12023?
-12225
In base 13, what is -2365 + 0?
-2365
In base 2, what is -10111 - 1111101100?
-10000000011
In base 9, what is 2 + -4741?
-4738
In base 11, what is -5 + -242a?
-2434
In base 3, what is 1200 + 121212?
200112
In base 16, what is -10681 + 25?
-1065c
In base 8, what is -573 + -4?
-577
In base 8, what is -23 - 122305?
-122330
In base 9, what is 4 - -4472?
4476
In base 4, what is 0 - 3033231?
-3033231
In base 6, what is 30501443 - 3?
30501440
In base 5, what is 213 + 430031?
430244
In base 3, what is -2021 + 122122021?
122120000
In base 3, what is -20 + 111202210102?
111202210012
In base 7, what is -10233 - -10?
-10223
In base 5, what is 431322 + 20?
431342
In base 13, what is -4c + -22c?
-27b
In base 4, what is 11 + 1213221032?
1213221103
In base 7, what is -2 + 3405264?
3405262
In base 2, what is -1101100110110 - -100?
-1101100110010
In base 2, what is 1110100100 + -11100000001?
-1101011101
In base 5, what is 430220 - 4?
430211
In base 11, what is -16481 - 3?
-16484
In base 13, what is -6 + -19177?
-19180
In base 7, what is -423 + -2203?
-2626
In base 13, what is -4 + -502?
-506
In base 14, what is -5542 + -16b?
-56ad
In base 3, what is -100110 - -1212202?
1112022
In base 6, what is 2 + -10143301?
-10143255
In base 6, what is -14 - -1010?
552
In base 5, what is -334133322 + 4?
-334133313
In base 12, what is -26 - -467?
441
In base 14, what is -1 + -29283?
-29284
In base 13, what is -1269 + -84?
-1320
In base 12, what is -50 + 543?
4b3
In base 8, what is -323 + 57?
-244
In base 7, what is -14643 + 31?
-14612
In base 16, what is 3 - -13d5?
13d8
In base 6, what is 3020552 - -3?
3020555
In base 4, what is -301 - 102?
-1003
In base 15, what is -25 + 33?
d
In base 13, what is 3949 - -13?
395c
In base 12, what is 4718 - 71?
4667
In base 5, what is -20101 + 400?
-14201
In base 11, what is 158 - 140?
18
In base 6, what is 425 + -14020?
-13151
In base 9, what is -766 + -3580?
-4456
In base 7, what is -4122 - -10241?
3116
In base 11, what is 43619 - -13?
43631
In base 2, what is -100011 - -1001000010100?
1000111110001
In base 6, what is 14052033 + 0?
14052033
In base 7, what is -26 + -213551?
-213610
In base 8, what is -125 - -5043?
4716
In base 2, what is -1 + -10110011001000010010?
-10110011001000010011
In base 13, what is 7 - -287?
291
In base 9, what is -6 + 32026?
32020
In base 13, what is -74 + -58?
-cc
In base 9, what is 4 + -21226?
-21222
In base 5, what is 1220 + 32?
1302
In base 2, what is -100110101110 + -100111?
-100111010101
In base 7, what is 3563 - 211?
3352
In base 5, what is 2410 - 40102?
-32142
In base 2, what is 111110010011111 - -1010?
111110010101001
In base 11, what is -95966 - 0?
-95966
In base 6, what is -12324404 - 0?
-12324404
In